{"id":996,"date":"2025-04-11T09:07:15","date_gmt":"2025-04-11T09:07:15","guid":{"rendered":"https:\/\/sipsl.webs.upv.es\/?page_id=996"},"modified":"2025-04-15T14:32:36","modified_gmt":"2025-04-15T14:32:36","slug":"campanas-de-difusion-de-la-sst-en-la-upv","status":"publish","type":"page","link":"https:\/\/sipsl.webs.upv.es\/index.php\/campanas-de-difusion-de-la-sst-en-la-upv\/","title":{"rendered":"Campa\u00f1as de difusi\u00f3n de la SST en la UPV"},"content":{"rendered":"\n<h6 class=\"wp-block-heading alignwide has-text-color has-link-color wp-elements-e3b7b7771263035a346437c1512f8cf2\" style=\"color:#d73333;margin-right:630px;margin-bottom:10px;padding-top:0;padding-right:0;padding-bottom:0;padding-left:0;font-size:clamp(14px, 0.875rem + ((1vw - 3.2px) * 0.313), 18px);font-style:normal;font-weight:400;line-height:1.2\">Documentaci\u00f3n T\u00e9cnica y Recursos \/ Divulgaci\u00f3n<\/h6>\n\n\n\n<h2 class=\"wp-block-heading alignwide has-text-color has-link-color wp-elements-e3537eb96f66a4d2c5bf1664e192e825\" style=\"color:#d73333;margin-right:630px;padding-top:0;padding-right:0;padding-bottom:0;padding-left:0;font-size:clamp(18.959px, 1.185rem + ((1vw - 3.2px) * 0.863), 30px);line-height:1.2\">Campa\u00f1as de difusi\u00f3n de la SST en la UPV<\/h2>\n\n\n\n<div class=\"wp-block-group alignwide has-foreground-color has-text-color has-link-color wp-elements-ef5744f9b5f67a9d77342d2bb09f04ec is-vertical is-content-justification-left is-layout-flex wp-container-core-group-is-layout-52e147f6 wp-block-group-is-layout-flex\" style=\"min-height:100%;margin-top:50px;margin-bottom:0px;padding-right:15.3%;padding-left:15.3%\">\n<p class=\"has-text-color has-link-color wp-elements-35942e1bb140569fb2496b3518727d14\" style=\"color:#000000\">La Unidad de Formaci\u00f3n del SIPSL colabora en los eventos organizados por el<a href=\"http:\/\/www.upv.es\/entidades\/VCS\/\"> Vicerrectorado del los Campus y Sostenibilidad<\/a> en el \u00e1rea de la Seguridad y Salud en el Trabajo. Algunos de los eventos son los organizados conjuntamente con:<\/p>\n\n\n\n<ul class=\"wp-block-list\">\n<li>el Comit\u00e9 de Seguridad y Salud (CSS)<\/li>\n\n\n\n<li>la Xarxa Valenciana d&#8217;Universitats P\u00fabliques Saludables<\/li>\n\n\n\n<li>la Unidad de Medio Ambiente (UMA)<\/li>\n<\/ul>\n\n\n\n<p class=\"has-text-color has-link-color wp-elements-25ddb8e75e39de72427d443c925ffe0c\" style=\"color:#000000;font-style:normal;font-weight:700\">Organizadas por el CSS de la UPV<\/p>\n\n\n\n<ul class=\"wp-block-list\">\n<li>2019\n<ul class=\"wp-block-list\">\n<li>Semana de la Seguridad y Salud en el Trabajo\n<ul class=\"wp-block-list\">\n<li>1\u00aa Jornada sobre la Integraci\u00f3n de la Prevenci\u00f3n en la UPV<\/li>\n<\/ul>\n<\/li>\n<\/ul>\n<\/li>\n\n\n\n<li>2018\n<ul class=\"wp-block-list\">\n<li>Difusi\u00f3n del Plan de Prevenci\u00f3n en el Campus de Vera.<\/li>\n\n\n\n<li>Difusi\u00f3n del Plan de Prevenci\u00f3n en el Campus de Alcoy.<\/li>\n\n\n\n<li>Difusi\u00f3n del Plan de Prevenci\u00f3n en el Campus de Gandia.<br><\/li>\n<\/ul>\n<\/li>\n<\/ul>\n<\/div>\n\n\n\n<div class=\"wp-block-group has-global-padding is-layout-constrained wp-container-core-group-is-layout-42a8e28e wp-block-group-is-layout-constrained\" style=\"margin-bottom:50px;padding-right:15.3%;padding-left:15.3%\">\n<figure class=\"wp-block-embed is-type-video is-provider-youtube wp-block-embed-youtube wp-embed-aspect-16-9 wp-has-aspect-ratio\"><div class=\"wp-block-embed__wrapper\">\n<iframe loading=\"lazy\" title=\"D\u00eda Mundial de la Seguridad y la Salud en el Trabajo en la UPV - Noticia @UPVTV, 03\/05\/2018\" width=\"500\" height=\"281\" src=\"https:\/\/www.youtube.com\/embed\/qBSOJvWHl1w?feature=oembed\" frameborder=\"0\" allow=\"accelerometer; autoplay; clipboard-write; encrypted-media; gyroscope; picture-in-picture; web-share\" referrerpolicy=\"strict-origin-when-cross-origin\" allowfullscreen><\/iframe>\n<\/div><\/figure>\n\n\n\n<ul style=\"color:#000000\" class=\"wp-block-list has-text-color has-link-color wp-elements-82b45ae2b67609226b8b93c7267d577b\">\n<li>2018\n<ul class=\"wp-block-list\">\n<li>Dorm b\u00e9. Viu millor!la Unidad de Medio Ambiente (UMA)<\/li>\n<\/ul>\n<\/li>\n<\/ul>\n\n\n\n<p class=\"wp-embed-aspect-16-9 wp-has-aspect-ratio has-text-color has-link-color wp-elements-062ebea68d9af3b0bd499bad789e8df3\" style=\"color:#000000;font-style:normal;font-weight:700\">Xarxa Valenciana d&#8217; Universitats P\u00fabliques Saludables<\/p>\n\n\n\n<figure class=\"wp-block-embed is-type-video is-provider-youtube wp-block-embed-youtube wp-embed-aspect-16-9 wp-has-aspect-ratio\"><div class=\"wp-block-embed__wrapper\">\n<iframe loading=\"lazy\" title=\"D\u00eda Mundial de la Seguridad y la Salud en el Trabajo en la UPV - Noticia @UPVTV, 03\/05\/2018\" width=\"500\" height=\"281\" src=\"https:\/\/www.youtube.com\/embed\/qBSOJvWHl1w?feature=oembed\" frameborder=\"0\" allow=\"accelerometer; autoplay; clipboard-write; encrypted-media; gyroscope; picture-in-picture; web-share\" referrerpolicy=\"strict-origin-when-cross-origin\" allowfullscreen><\/iframe>\n<\/div><\/figure>\n\n\n\n<p class=\"wp-embed-aspect-16-9 wp-has-aspect-ratio has-text-color has-link-color wp-elements-05c9773110a0d426acdefaf2b708162e\" style=\"color:#000000;font-style:normal;font-weight:700\">Unidad de Medio Ambiente<\/p>\n\n\n\n<ul style=\"color:#000000\" class=\"wp-block-list has-text-color has-link-color wp-elements-348c92a98a1362a13292a1a74a3895c7\">\n<li>2018\n<ul class=\"wp-block-list\">\n<li>Charla sobe \u00abMovilidad sostenible e inteligencia vial\u00bb<\/li>\n\n\n\n<li>Ruta bot\u00e1nica por los jardines de Vera<\/li>\n<\/ul>\n<\/li>\n<\/ul>\n<\/div>\n\n\n\n<p><\/p>\n","protected":false},"excerpt":{"rendered":"<p>Documentaci\u00f3n T\u00e9cnica y Recursos \/ Divulgaci\u00f3n Campa\u00f1as de difusi\u00f3n de la SST en la UPV La Unidad de Formaci\u00f3n del SIPSL colabora en los eventos organizados por el Vicerrectorado del los Campus y Sostenibilidad en el \u00e1rea de la Seguridad y Salud en el Trabajo. Algunos de los eventos son los organizados conjuntamente con: Organizadas [&hellip;]<\/p>\n","protected":false},"author":1,"featured_media":0,"parent":0,"menu_order":0,"comment_status":"closed","ping_status":"closed","template":"","meta":{"_eb_attr":"","om_disable_all_campaigns":false,"_monsterinsights_skip_tracking":false,"_monsterinsights_sitenote_active":false,"_monsterinsights_sitenote_note":"","_monsterinsights_sitenote_category":0,"footnotes":""},"class_list":["post-996","page","type-page","status-publish","hentry"],"aioseo_notices":[],"_links":{"self":[{"href":"https:\/\/sipsl.webs.upv.es\/index.php\/wp-json\/wp\/v2\/pages\/996","targetHints":{"allow":["GET"]}}],"collection":[{"href":"https:\/\/sipsl.webs.upv.es\/index.php\/wp-json\/wp\/v2\/pages"}],"about":[{"href":"https:\/\/sipsl.webs.upv.es\/index.php\/wp-json\/wp\/v2\/types\/page"}],"author":[{"embeddable":true,"href":"https:\/\/sipsl.webs.upv.es\/index.php\/wp-json\/wp\/v2\/users\/1"}],"replies":[{"embeddable":true,"href":"https:\/\/sipsl.webs.upv.es\/index.php\/wp-json\/wp\/v2\/comments?post=996"}],"version-history":[{"count":8,"href":"https:\/\/sipsl.webs.upv.es\/index.php\/wp-json\/wp\/v2\/pages\/996\/revisions"}],"predecessor-version":[{"id":1173,"href":"https:\/\/sipsl.webs.upv.es\/index.php\/wp-json\/wp\/v2\/pages\/996\/revisions\/1173"}],"wp:attachment":[{"href":"https:\/\/sipsl.webs.upv.es\/index.php\/wp-json\/wp\/v2\/media?parent=996"}],"curies":[{"name":"wp","href":"https:\/\/api.w.org\/{rel}","templated":true}]}}