{"id":837,"date":"2025-04-10T10:35:48","date_gmt":"2025-04-10T10:35:48","guid":{"rendered":"https:\/\/sipsl.webs.upv.es\/?page_id=837"},"modified":"2025-04-10T10:35:48","modified_gmt":"2025-04-10T10:35:48","slug":"vigilancia-de-la-salud","status":"publish","type":"page","link":"https:\/\/sipsl.webs.upv.es\/index.php\/vigilancia-de-la-salud\/","title":{"rendered":"Vigilancia de la salud"},"content":{"rendered":"\n<h6 class=\"wp-block-heading alignwide has-text-color has-link-color wp-elements-1d14f8a48b65af58db81e48d3dee59fa\" style=\"color:#d73333;margin-right:630px;margin-bottom:10px;padding-top:0;padding-right:0;padding-bottom:0;padding-left:0;font-size:clamp(14px, 0.875rem + ((1vw - 3.2px) * 0.313), 18px);font-style:normal;font-weight:400;line-height:1.2\">Prevenci\u00f3n de riesgos laborales<\/h6>\n\n\n\n<h2 class=\"wp-block-heading alignwide has-text-color has-link-color wp-elements-2f611518fc12169493db7c0dcc2e326e\" style=\"color:#d73333;margin-right:630px;padding-top:0;padding-right:0;padding-bottom:0;padding-left:0;font-size:clamp(18.959px, 1.185rem + ((1vw - 3.2px) * 0.863), 30px);line-height:1.2\">Vigilancia de la salud<\/h2>\n\n\n\n<div class=\"wp-block-group alignwide has-foreground-color has-text-color has-link-color wp-elements-6a03fe4f5afb6506362f72cdf2000fcd is-vertical is-content-justification-left is-layout-flex wp-container-core-group-is-layout-85d2ec51 wp-block-group-is-layout-flex\" style=\"min-height:100%;margin-top:50px;margin-bottom:50px;padding-right:15.3%;padding-left:15.3%\">\n<p class=\"has-text-color has-link-color wp-elements-65f10536cc928300aa814cfdfc901fdd\" style=\"color:#000000;font-style:normal;font-weight:500\">La especialidad de Vigilancia de la Salud se centra en evaluar y controlar el estado de salud de los trabajadores en relaci\u00f3n con los riesgos a los que est\u00e1n expuestos en su entorno laboral.<\/p>\n\n\n\n<p class=\"has-text-color has-link-color wp-elements-0c6bab75cfb70a929990d214aa2676e9\" style=\"color:#000000;font-style:normal;font-weight:500\">Tambi\u00e9n regula:<\/p>\n\n\n\n<ul class=\"wp-block-list\">\n<li>Reconocimientos m\u00e9dicos iniciales, peri\u00f3dicos y despu\u00e9s de ausencias prolongadas.<\/li>\n\n\n\n<li>Protocolos m\u00e9dicos espec\u00edficos por riesgo.<\/li>\n\n\n\n<li>Evaluaciones colectivas de salud para detectar efectos comunes de riesgos laborales.<\/li>\n<\/ul>\n<\/div>\n","protected":false},"excerpt":{"rendered":"<p>Prevenci\u00f3n de riesgos laborales Vigilancia de la salud La especialidad de Vigilancia de la Salud se centra en evaluar y controlar el estado de salud de los trabajadores en relaci\u00f3n con los riesgos a los que est\u00e1n expuestos en su entorno laboral. Tambi\u00e9n regula:<\/p>\n","protected":false},"author":1,"featured_media":0,"parent":0,"menu_order":0,"comment_status":"closed","ping_status":"closed","template":"","meta":{"_eb_attr":"","om_disable_all_campaigns":false,"_monsterinsights_skip_tracking":false,"_monsterinsights_sitenote_active":false,"_monsterinsights_sitenote_note":"","_monsterinsights_sitenote_category":0,"footnotes":""},"class_list":["post-837","page","type-page","status-publish","hentry"],"aioseo_notices":[],"_links":{"self":[{"href":"https:\/\/sipsl.webs.upv.es\/index.php\/wp-json\/wp\/v2\/pages\/837","targetHints":{"allow":["GET"]}}],"collection":[{"href":"https:\/\/sipsl.webs.upv.es\/index.php\/wp-json\/wp\/v2\/pages"}],"about":[{"href":"https:\/\/sipsl.webs.upv.es\/index.php\/wp-json\/wp\/v2\/types\/page"}],"author":[{"embeddable":true,"href":"https:\/\/sipsl.webs.upv.es\/index.php\/wp-json\/wp\/v2\/users\/1"}],"replies":[{"embeddable":true,"href":"https:\/\/sipsl.webs.upv.es\/index.php\/wp-json\/wp\/v2\/comments?post=837"}],"version-history":[{"count":3,"href":"https:\/\/sipsl.webs.upv.es\/index.php\/wp-json\/wp\/v2\/pages\/837\/revisions"}],"predecessor-version":[{"id":840,"href":"https:\/\/sipsl.webs.upv.es\/index.php\/wp-json\/wp\/v2\/pages\/837\/revisions\/840"}],"wp:attachment":[{"href":"https:\/\/sipsl.webs.upv.es\/index.php\/wp-json\/wp\/v2\/media?parent=837"}],"curies":[{"name":"wp","href":"https:\/\/api.w.org\/{rel}","templated":true}]}}