{"id":822,"date":"2025-04-10T10:18:16","date_gmt":"2025-04-10T10:18:16","guid":{"rendered":"https:\/\/sipsl.webs.upv.es\/?page_id=822"},"modified":"2025-04-10T10:18:16","modified_gmt":"2025-04-10T10:18:16","slug":"higiene-ocupacional","status":"publish","type":"page","link":"https:\/\/sipsl.webs.upv.es\/index.php\/higiene-ocupacional\/","title":{"rendered":"Higiene Ocupacional"},"content":{"rendered":"\n<h6 class=\"wp-block-heading alignwide has-text-color has-link-color wp-elements-1d14f8a48b65af58db81e48d3dee59fa\" style=\"color:#d73333;margin-right:630px;margin-bottom:10px;padding-top:0;padding-right:0;padding-bottom:0;padding-left:0;font-size:clamp(14px, 0.875rem + ((1vw - 3.2px) * 0.313), 18px);font-style:normal;font-weight:400;line-height:1.2\">Prevenci\u00f3n de riesgos laborales<\/h6>\n\n\n\n<h2 class=\"wp-block-heading alignwide has-text-color has-link-color wp-elements-798ae3bcfa03e9ac926d901420f2b27e\" style=\"color:#d73333;margin-right:630px;padding-top:0;padding-right:0;padding-bottom:0;padding-left:0;font-size:clamp(18.959px, 1.185rem + ((1vw - 3.2px) * 0.863), 30px);line-height:1.2\">Higiene Ocupacional<\/h2>\n\n\n\n<div class=\"wp-block-group alignwide has-foreground-color has-text-color has-link-color wp-elements-1ec893e4b6efdb59bbc9cca7235ee2e4 is-vertical is-content-justification-left is-layout-flex wp-container-core-group-is-layout-85d2ec51 wp-block-group-is-layout-flex\" style=\"min-height:100%;margin-top:50px;margin-bottom:50px;padding-right:15.3%;padding-left:15.3%\">\n<p class=\"has-text-color has-link-color wp-elements-02c28524fa13a1c6368b0bb0ce76df89\" style=\"color:#000000;font-style:normal;font-weight:500\">La higiene ocupacional (tambi\u00e9n conocida como higiene industrial) es la disciplina preventiva cuya funci\u00f3n es identificar, evaluar y proponer medidas de control frente a la exposici\u00f3n a determinados riesgos laborales de tipo higi\u00e9nico, como sustancias qu\u00edmicas, polvo, humos, ruido, radiaci\u00f3n, vibraciones y temperaturas extremas, por nombrar algunos.<\/p>\n\n\n\n<p class=\"has-text-color has-link-color wp-elements-e424b4152b972286c93a581bea523983\" style=\"color:#000000;font-style:normal;font-weight:500\">En determinadas circunstancias, los riesgos higi\u00e9nicos para la salud presentes en el lugar de trabajo no son evidentes, ni reconocibles, ni comprendidos f\u00e1cilmente. Dependiendo siempre de las condiciones de trabajo en las que se llevan a cabo las actividades, este tipo de riesgos pueden llegar a causar graves problemas de salud a largo plazo &#8211; si no se aplican los controles adecuados.<\/p>\n<\/div>\n","protected":false},"excerpt":{"rendered":"<p>Prevenci\u00f3n de riesgos laborales Higiene Ocupacional La higiene ocupacional (tambi\u00e9n conocida como higiene industrial) es la disciplina preventiva cuya funci\u00f3n es identificar, evaluar y proponer medidas de control frente a la exposici\u00f3n a determinados riesgos laborales de tipo higi\u00e9nico, como sustancias qu\u00edmicas, polvo, humos, ruido, radiaci\u00f3n, vibraciones y temperaturas extremas, por nombrar algunos. En determinadas [&hellip;]<\/p>\n","protected":false},"author":1,"featured_media":0,"parent":0,"menu_order":0,"comment_status":"closed","ping_status":"closed","template":"","meta":{"_eb_attr":"","om_disable_all_campaigns":false,"_monsterinsights_skip_tracking":false,"_monsterinsights_sitenote_active":false,"_monsterinsights_sitenote_note":"","_monsterinsights_sitenote_category":0,"footnotes":""},"class_list":["post-822","page","type-page","status-publish","hentry"],"aioseo_notices":[],"_links":{"self":[{"href":"https:\/\/sipsl.webs.upv.es\/index.php\/wp-json\/wp\/v2\/pages\/822","targetHints":{"allow":["GET"]}}],"collection":[{"href":"https:\/\/sipsl.webs.upv.es\/index.php\/wp-json\/wp\/v2\/pages"}],"about":[{"href":"https:\/\/sipsl.webs.upv.es\/index.php\/wp-json\/wp\/v2\/types\/page"}],"author":[{"embeddable":true,"href":"https:\/\/sipsl.webs.upv.es\/index.php\/wp-json\/wp\/v2\/users\/1"}],"replies":[{"embeddable":true,"href":"https:\/\/sipsl.webs.upv.es\/index.php\/wp-json\/wp\/v2\/comments?post=822"}],"version-history":[{"count":2,"href":"https:\/\/sipsl.webs.upv.es\/index.php\/wp-json\/wp\/v2\/pages\/822\/revisions"}],"predecessor-version":[{"id":825,"href":"https:\/\/sipsl.webs.upv.es\/index.php\/wp-json\/wp\/v2\/pages\/822\/revisions\/825"}],"wp:attachment":[{"href":"https:\/\/sipsl.webs.upv.es\/index.php\/wp-json\/wp\/v2\/media?parent=822"}],"curies":[{"name":"wp","href":"https:\/\/api.w.org\/{rel}","templated":true}]}}