{"id":1155,"date":"2025-04-15T14:07:20","date_gmt":"2025-04-15T14:07:20","guid":{"rendered":"https:\/\/sipsl.webs.upv.es\/?page_id=1155"},"modified":"2025-04-15T14:07:23","modified_gmt":"2025-04-15T14:07:23","slug":"certificados-de-los-sistemas-anticaidas-instalados","status":"publish","type":"page","link":"https:\/\/sipsl.webs.upv.es\/index.php\/certificados-de-los-sistemas-anticaidas-instalados\/","title":{"rendered":"Certificados de los sistemas antica\u00eddas instalados"},"content":{"rendered":"\n<h6 class=\"wp-block-heading alignwide has-text-color has-link-color wp-elements-e7fa5a8803f44b1fe74d8b557c6af302\" style=\"color:#d73333;margin-right:630px;margin-bottom:10px;padding-top:0;padding-right:0;padding-bottom:0;padding-left:0;font-size:clamp(14px, 0.875rem + ((1vw - 3.2px) * 0.313), 18px);font-style:normal;font-weight:400;line-height:1.2\">Coordinaci\u00f3n de Actividades Empresariales<\/h6>\n\n\n\n<h2 class=\"wp-block-heading alignwide has-text-color has-link-color wp-elements-cff030ed5d0a1b33cf0fe734cbb4f6a8\" style=\"color:#d73333;margin-right:630px;padding-top:0;padding-right:0;padding-bottom:0;padding-left:0;font-size:clamp(18.959px, 1.185rem + ((1vw - 3.2px) * 0.863), 30px);line-height:1.2\">Certificados de los sistemas antica\u00eddas instalados<\/h2>\n\n\n\n<div class=\"wp-block-group alignwide has-foreground-color has-text-color has-link-color wp-elements-a4d1993e03552e094d8be24480760858 is-vertical is-content-justification-left is-nowrap is-layout-flex wp-container-core-group-is-layout-870a0e2f wp-block-group-is-layout-flex\" style=\"min-height:100%;margin-top:50px;margin-bottom:50px;padding-right:15.3%;padding-left:15.3%\">\n<p class=\"has-text-color has-link-color wp-elements-ea5cf48ffe4bcc8b4c8ddf6a2feda906\" style=\"color:#000000\"><a href=\"https:\/\/sipsl.webs.upv.es\/wp-content\/uploads\/2025\/04\/ITSA-202425-Vera-rev-03.pdf\" target=\"_blank\" rel=\"noreferrer noopener\">ITSA 2024-2025 Campus de Vera rev3<\/a><\/p>\n\n\n\n<hr class=\"wp-block-separator has-text-color has-alpha-channel-opacity has-background is-style-default wp-container-content-9cfa9a5a\" style=\"margin-top:20px;margin-bottom:20px;background-color:#000000;color:#000000\"\/>\n\n\n\n<p class=\"has-text-color has-link-color wp-elements-4eddb12e37b4632e1eea9961c700d95a\" style=\"color:#000000\"><a href=\"https:\/\/sipsl.webs.upv.es\/wp-content\/uploads\/2025\/04\/ITSA-202425-EPSA-EPSG-rev-01.pdf\" target=\"_blank\" rel=\"noreferrer noopener\">ITSA 2024-2025 Campus de Alcoy y Campus de Gand\u00eda rev1<\/a><\/p>\n\n\n\n<hr class=\"wp-block-separator has-text-color has-alpha-channel-opacity has-background is-style-default\" style=\"margin-top:20px;margin-bottom:20px;background-color:#000000;color:#000000\"\/>\n<\/div>\n","protected":false},"excerpt":{"rendered":"<p>Coordinaci\u00f3n de Actividades Empresariales Certificados de los sistemas antica\u00eddas instalados ITSA 2024-2025 Campus de Vera rev3 ITSA 2024-2025 Campus de Alcoy y Campus de Gand\u00eda rev1<\/p>\n","protected":false},"author":1,"featured_media":0,"parent":0,"menu_order":0,"comment_status":"closed","ping_status":"closed","template":"","meta":{"_eb_attr":"","om_disable_all_campaigns":false,"_monsterinsights_skip_tracking":false,"_monsterinsights_sitenote_active":false,"_monsterinsights_sitenote_note":"","_monsterinsights_sitenote_category":0,"footnotes":""},"class_list":["post-1155","page","type-page","status-publish","hentry"],"aioseo_notices":[],"_links":{"self":[{"href":"https:\/\/sipsl.webs.upv.es\/index.php\/wp-json\/wp\/v2\/pages\/1155","targetHints":{"allow":["GET"]}}],"collection":[{"href":"https:\/\/sipsl.webs.upv.es\/index.php\/wp-json\/wp\/v2\/pages"}],"about":[{"href":"https:\/\/sipsl.webs.upv.es\/index.php\/wp-json\/wp\/v2\/types\/page"}],"author":[{"embeddable":true,"href":"https:\/\/sipsl.webs.upv.es\/index.php\/wp-json\/wp\/v2\/users\/1"}],"replies":[{"embeddable":true,"href":"https:\/\/sipsl.webs.upv.es\/index.php\/wp-json\/wp\/v2\/comments?post=1155"}],"version-history":[{"count":1,"href":"https:\/\/sipsl.webs.upv.es\/index.php\/wp-json\/wp\/v2\/pages\/1155\/revisions"}],"predecessor-version":[{"id":1156,"href":"https:\/\/sipsl.webs.upv.es\/index.php\/wp-json\/wp\/v2\/pages\/1155\/revisions\/1156"}],"wp:attachment":[{"href":"https:\/\/sipsl.webs.upv.es\/index.php\/wp-json\/wp\/v2\/media?parent=1155"}],"curies":[{"name":"wp","href":"https:\/\/api.w.org\/{rel}","templated":true}]}}